*j**2 - 13*j**3 - 14 + 6*j + 14*j**2. Let h be t(-2). Calculate the highest common factor of h and 36.
36
Let k be -3*(1536/(-72) + 0/2). Suppose -8*o - 344 = -13*o + 4*r, -k = -o + 2*r. What is the greatest common divisor of 792 and o?
72
Suppose 0 = 3*g - c - 960, 3*c - 1600 = -5*g + c. Let h = -210 + g. What is the highest common factor of 132 and h?
22
Suppose -2*q + 112 = 7*o, -92 = -5*q - 2*o + 157. Calculate the greatest common divisor of q and 15239.
49
Let x = 24638 + -1654. What is the greatest common divisor of x and 136?
136
Suppose -g + 5*r + 13965 = 0, 27*g - 28*g + r + 13993 = 0. Calculate the highest common divisor of 240 and g.
80
Suppose -5*w + 1003*r + 1752 = 1006*r, -2*w - 3*r = -699. Calculate the greatest common divisor of 403 and w.
13
Let l be 0 + (-4)/(-6) + 44430/(-495)*-11. Calculate the highest common divisor of 156 and l.
52
Let z(q) = 2*q**2 + 5*q + 3. Let m be z(-4). Suppose 5 - 5 = 26*y. Suppose 4*a - m - 1 = y. What is the highest common divisor of a and 2?
2
Let k(l) = l**2 + 11*l - 9. Let b be k(-7). Let t = b - -61. Let n = -20 + t. Calculate the highest common divisor of n and 4.
4
Let i be ((-8)/(-17 - -9))/(1/5). Let b be (-36)/i*420/(-63). Calculate the highest common divisor of 240 and b.
48
Let p(w) = -69*w - 114. Let c be p(-2). What is the greatest common factor of c and 1524?
12
Let u(h) = 3*h**3 - 136*h**2 - 13*h - 153. Let x be u(46). Calculate the greatest common divisor of x and 59.
59
Suppose -f = -5*f - 2*o + 64, 4*f - 4*o - 52 = 0. Suppose -d + 27 = 28. Let w be (14 - -1)/(d*(-9)/6). What is the greatest common factor of f and w?
5
Let t be 56/(-8) - (341 + 2). Let l = -347 - t. What is the highest common factor of 78 and l?
3
Suppose 4*z - c - 1034 = 0, -2*c = 5 - 1. What is the highest common divisor of z and 6?
6
Let a be -423 - (4/(-18) - 144/81). Let x = a + 483. Calculate the highest common factor of x and 62.
62
Suppose 0 = -d - 419 + 1841. Let v(x) = -x**3 + 75*x**2 + 148*x - 21383. Let i be v(73). Calculate the highest common divisor of d and i.
79
Suppose 66 = 5*a - 5*t - 24, -3*a + t = -72. What is the greatest common factor of 6912 and a?
27
Let a(k) = -52*k - 258. Suppose f = -3*j - 27, -f = -4*j - 0*f - 36. Let n be a(j). What is the greatest common divisor of 60 and n?
30
Suppose -4*m + 456 = 2*v, -3*v - 2*m + 338 = -334. Suppose 0 = -12*l - v - 3186. Let b be 20/110 - l/11. What is the greatest common divisor of b and 91?
13
Let w = 108 - 183. Let c = w - -12. Let u = 75 + c. Calculate the greatest common factor of u and 84.
12
Let h(c) = -18*c - 108. Let b be h(-16). Let x = 100 - 64. Let z be 4/(-18) - (-1304)/x. Calculate the greatest common divisor of b and z.
36
Let q = 295 - 233. Suppose 2*p - 1050 = -4*j, -457 - q = -p - 4*j. Calculate the greatest common divisor of 9 and p.
9
Suppose t - 9*w + 9 = -10*w, 5*t + 35 = -3*w. Let m be t/(-9) + (-4148)/(-306). Calculate the highest common divisor of m and 21.
7
Let l be (-4)/24 - (-98)/36*3. Let w be (-5 + (-175)/(-14))*l. What is the highest common divisor of w and 12?
12
Let b(q) = -q**3 + 83*q**2 - 246*q + 490. Let n be b(80). Calculate the highest common divisor of n and 3415.
5
Let u(z) = z**3 + 12*z**2 + 4*z - 19. Let n be u(-10). Let x be n/12 - (-9)/(-12). Suppose x*k - 45 = 6*k. What is the highest common divisor of 18 and k?
9
Suppose 0 = 5*v - 21 - 64. Suppose 0*g + 2*n - 9 = -3*g, 0 = g - 4*n - v. Let c be ((g - 2)*-2)/(2/(-7)). What is the highest common factor of c and 3?
3
Let w(h) = -h**2 + 49*h - 6. Let m be w(47). Let t = -10 + 14. Suppose 5*o - t - 51 = 0. What is the greatest common divisor of o and m?
11
Suppose 5*m - 312 + 1287 = 0. Let c = m - -206. What is the highest common divisor of c and 33?
11
Suppose -39*o + 10420 = -1163. What is the highest common divisor of 352 and o?
11
Suppose 32*d - 29050 = -45*d - 89*d. Calculate the highest common factor of 805 and d.
35
Let z = -12012 - -15582. Calculate the greatest common factor of 30 and z.
30
Let k(j) = -7 + 2*j + 3 - 3*j + 0*j. Let z be k(-10). Let a(d) = 16*d - 15. Let b be a(z). Calculate the highest common divisor of b and 9.
9
Let v(o) = -142*o**3 + 210*o + 212. Let s be v(-1). Calculate the highest common factor of 25992 and s.
72
Suppose 0 = -110*p + 92*p + 18. Let h be p*(-1 + -3) + 128. What is the highest common factor of h and 186?
62
Let z(t) = -6*t - 3. Let v be z(-5). Let b be 4 - (-1450)/(-2)*(-26 - -25). What is the greatest common factor of b and v?
27
Let m = 253 - 251. Suppose -4*q - 156 = -2*s - 3*s, m*s + q = 65. Calculate the highest common factor of s and 8.
8
Let s(b) = b**2 + 11*b + 30. Let o be s(-5). Suppose o = 2*a - 1374 - 160. Let k = -452 + a. Calculate the greatest common factor of 35 and k.
35
Suppose 0 = -7*n + 16*n - 585. Let j = 72 - n. Let v be (-6)/(-9) - 458*(-1)/6. What is the greatest common divisor of v and j?
7
Let w = 641 - 982. Let g be (-76)/(-95) + w/(-5). Calculate the highest common factor of g and 483.
69
Let y(t) = 7*t**2 - 61*t + 656. Let b be y(20). Calculate the greatest common factor of 12 and b.
4
Let q be ((-24)/28)/(2 - (-54)/(-28)). Let b be (3/15*-4)/(q/330). What is the highest common divisor of b and 550?
22
Suppose -183*g + 5*v - 1210 = -188*g, -4*g + 988 = -v. What is the greatest common divisor of g and 1107?
123
Let n(i) = -3*i + 7. Let c be n(-1). Suppose 278 = c*m - 572. Calculate the greatest common divisor of m and 51.
17
Let t be (-7)/(-14)*-1*-8. Calculate the greatest common factor of t and 59.
1
Let c(z) = 561*z + 21681. Let g be c(23). Calculate the highest common factor of g and 66.
66
Let j be 13 - ((-16)/(-128) - 30/(-16)). Let v be ((-11)/(-2))/(9/18). What is the greatest common divisor of v and j?
11
Suppose 0 = -4*z + 125 - 49. Suppose z*m - 12*m - 259 = 0. What is the greatest common factor of 37 and m?
37
Let m = 198 - 186. Suppose v - 39 = 3*c, -3*v + 215 = 2*v + 5*c. What is the highest common factor of m and v?
6
Suppose -4*u - 5*y + 7438 = -4076, 0 = 5*u + 3*y - 14399. What is the highest common divisor of 67 and u?
67
Let p be 0 + (6 - 7) + 5*3. Suppose -16*h + p*h - 110 = 0. Let t = h - -61. Calculate the highest common divisor of t and 8.
2
Let y = -4315 + 7835. What is the greatest common factor of 110 and y?
110
Let h(p) = 483*p**3 - 241*p**3 + 30*p**2 + 21 - 241*p**3 + 53*p. Let i be h(-28). Calculate the highest common factor of i and 15.
15
Let d(w) = 3*w**2 - 12*w + 618. Let u be d(-20). What is the highest common divisor of 336 and u?
42
Suppose b - 38 = -33. Let x(c) = c**3 + c**2 - 14*c - 17. Let v be x(b). Calculate the highest common factor of 18 and v.
9
Let q be 113 - -4*15/12. Calculate the greatest common factor of 118 and q.
118
Let j = -3374 + 3624. What is the greatest common factor of 32000 and j?
250
Let d(m) = m**2 - 24*m - 18. Let u be d(28). What is the highest common factor of 611 and u?
47
Let w be 1716/(-208)*(1 - 5). Let x(g) = -15*g. Let p(r) = r - 1. Let j(s) = -9*p(s) - x(s). Let d be j(4). What is the greatest common factor of w and d?
33
Let m = 20686 - 19199. Calculate the highest common factor of 4 and m.
1
Suppose -504 = 5*f - 4*r, -3*f - 265 - 55 = 2*r. Let g = -5 - f. What is the highest common factor of 72 and g?
9
Let v(a) = 246*a**2 + 421*a + 3. Let y be v(-2). What is the greatest common factor of 2465 and y?
145
Let k(u) = -16 + 42*u**2 - 10*u - 14*u**2 - 17*u**2. Let m be k(-2). Calculate the greatest common factor of m and 36.
12
Let z = -45 - -69. Suppose 0 = -41*a - 64*a + 146*a - 3608. Calculate the greatest common factor of a and z.
8
Suppose 2*h + 5*c = 29, -2*h = 2*h - 3*c - 97. What is the greatest common divisor of h and 341?
11
Suppose 0 = 4*h + 155 - 683. Let z be (0 - (-8)/16)/(1/18). Suppose -z*t + h = -5*t. Calculate the highest common divisor of 3 and t.
3
Let g = 35 - 0. Let m(h) = h**3 + 77*h**2 + 1474*h + 420. Let y be m(-35). Calculate the highest common factor of g and y.
35
Let j be (-5 + 6390/63)*7. Calculate the highest common divisor of 25 and j.
25
Let m = -33 + 129. Let z(n) = n + 69. Let x be z(11). What is the highest common factor of m and x?
16
Suppose -3*n - 4*q + 536 = 0, 86 = n + 3*q - 106. Calculate the greatest common divisor of 4977 and n.
21
Let l(c) = 771*c - 17. Let o be l(3